 to base 2.
-10010010011110010111
Convert 22090 (base 10) to base 2.
101011001001010
What is -6316000 (base 9) in base 12?
-116a160
Convert -1021212020200 (base 3) to base 5.
-133424134
Convert -208a5 (base 13) to base 16.
-e4f1
What is 1b881c (base 13) in base 2?
10101011111110100001
What is 212352205 (base 6) in base 2?
1110010110101001101101
What is 78806 (base 13) in base 12?
a67a5
What is 143344 (base 7) in base 12?
13b97
-2123121110 (base 4) to base 16
-9b654
Convert 2243766 (base 9) to base 16.
1276b6
Convert 313320202 (base 4) to base 14.
5d5bc
-35a436 (base 14) to base 7
-21405266
-22241220 (base 5) to base 3
-100222110101
What is 23063143 (base 7) in base 8?
7540474
What is 1311013330 (base 4) in base 12?
1b1764
What is -1693a7 (base 12) in base 10?
-389359
-1432733 (base 8) to base 10
-407003
What is -797835 (base 10) in base 4?
-3002302023
Convert 2764676 (base 9) to base 12.
613106
Convert 261961 (base 12) to base 14.
123b97
What is -23230030033 (base 4) in base 15?
-408061
Convert 32113 (base 13) to base 16.
16096
120a0a (base 12) to base 6
10130414
-100200012112 (base 3) to base 11
-120078
Convert -54843b (base 12) to base 15.
-1b776b
Convert -809416 (base 11) to base 15.
-1aa6ad
What is 12091118 (base 10) in base 2?
101110000111111011101110
b7646 (base 16) to base 10
751174
211200200 (base 3) to base 16
409e
Convert -103803 (base 16) to base 3.
-2000000001020
What is 3ca87 (base 14) in base 13?
53511
Convert 7679a (base 11) to base 3.
12122212000
Convert 1aa18c (base 14) to base 15.
13b614
Convert -306356 (base 12) to base 14.
-15a014
What is -1001100011110000 (base 2) in base 9?
-58632
Convert 1a8c5d (base 16) to base 6.
101142541
Convert 45a5591 (base 12) to base 3.
221020001002201
What is 11c3a2 (base 14) in base 8?
2247152
Convert -262688 (base 9) to base 11.
-a990a
Convert -1224131 (base 5) to base 15.
-702b
Convert -2300011333 (base 4) to base 12.
-2a94a7
What is -2041066 (base 8) in base 13?
-15c479
What is 415106 (base 10) in base 12?
180282
324014204 (base 5) to base 12
571538
Convert -23462133 (base 8) to base 3.
-100200000022202
What is -608320 (base 9) in base 4?
-1113333003
Convert 1422112 (base 5) to base 13.
10664
Convert -421888 (base 10) to base 5.
-102000023
107874 (base 9) to base 3
10021222111
Convert 6cd31 (base 14) to base 2.
1000000111100011111
What is 108812 (base 9) in base 10?
65540
-551450 (base 14) to base 7
-33343330
What is -93a50 (base 13) in base 5?
-31443040
What is -330463 (base 16) in base 12?
-1152a57
Convert baa50 (base 12) to base 8.
742134
What is 163003 (base 8) in base 14?
1765d
-211100001021 (base 3) to base 5
-103031441
202130100 (base 5) to base 10
817525
Convert -2001210000120 (base 3) to base 4.
-10030002201
10001212210 (base 3) to base 12
2ab70
What is -41570230 (base 8) in base 12?
-2b65874
-5a04 (base 16) to base 9
-34544
What is 111296 (base 11) in base 13?
6296b
Convert -14541414 (base 6) to base 2.
-1111100110000010010
What is -18910b (base 14) in base 10?
-870055
What is -1c127b (base 13) in base 2?
-10101110111101110110
What is -4c70 (base 16) in base 7?
-111023
-4ab899 (base 12) to base 11
-765917
Convert -2121220 (base 4) to base 8.
-23150
Convert 1000000110111111101 (base 2) to base 3.
111111111200
Convert 120101200021010 (base 3) to base 7.
126354345
What is 3323411300 (base 5) in base 7?
115414215
What is 42460146 (base 8) in base 16?
8a6066
What is 1782c (base 15) in base 6?
1344140
What is -220560 (base 8) in base 9?
-122568
What is -21d854 (base 15) in base 10?
-1615129
Convert 60c0b9 (base 15) to base 16.
4624bc
Convert 521420 (base 6) to base 7.
232665
106032165 (base 7) to base 4
120231231120
Convert -4677306 (base 9) to base 8.
-11520011
104232451 (base 6) to base 13
510760
Convert 101122012200 (base 3) to base 5.
23200001
What is 140043404 (base 5) in base 4?
2230120320
What is 666355 (base 8) in base 6?
4451153
What is -213042342 (base 5) in base 11?
-571022
What is dbc67 (base 14) in base 10?
532035
-106484 (base 9) to base 3
-10020112211
What is -20864 (base 12) in base 9?
-64514
-345554 (base 7) to base 3
-10011002012
-110001100100000011100 (base 2) to base 7
-16542651
Convert -148874 (base 10) to base 9.
-246185
a397a4 (base 12) to base 7
30551404
Convert -11211012111 (base 3) to base 7.
-543505
-5b549 (base 14) to base 5
-24121214
What is 3124041 (base 5) in base 3?
2122000110
Convert -4551120 (base 7) to base 12.
-234196
What is 21162a (base 11) in base 3?
122012210100
Convert 101010101100110100 (base 2) to base 4.
222230310
What is -313323542 (base 6) in base 16?
-53b3d6
-111002020100 (base 3) to base 8
-766744
Convert 2021010120211 (base 3) to base 13.
3318ca
What is -331301013 (base 4) in base 14?
-682b5
What is 18034 (base 11) in base 9?
37660
84620 (base 10) to base 2
10100101010001100
What is 215062 (base 9) in base 15?
28075
What is -657 (base 9) in base 6?
-2254
-48d677 (base 15) to base 14
-66b113
What is 2114523 (base 7) in base 16?
3e88c
What is 11100001000100 (base 2) in base 5?
430104
-102352 (base 8) to base 5
-2042101
bb483 (base 13) to base 10
339121
-11116025 (base 7) to base 8
-3527655
Convert -101011101101111 (base 2) to base 16.
-576f
21286 (base 10) to base 7
116026
Convert -b345 (base 15) to base 6.
-451145
280000 (base 10) to base 2
1000100010111000000
Convert 104006 (base 12) to base 15.
50ba0
What is 12102011110120 (base 3) in base 13?
799668
10343013 (base 5) to base 13
321a7
Convert 11437430 (base 8) to base 4.
21203330120
What is -1000111110010110 (base 2) in base 14?
-d578
Convert -5887440 (base 10) to base 14.
-ad37d6
What is -743037 (base 14) in base 11?
-224221a
What is 162964 (base 11) in base 6?
5225554
What is 4780884 (base 9) in base 16?
278e3f
What is -1111335422 (base 6) in base 12?
-4081572
What is -101021100212020 (base 3) in base 13?
-1191c03
Convert 707712 (base 11) to base 7.
12445266
What is cdb09 (base 14) in base 7?
4145212
-1010011001100010101010 (base 2) to base 7
-32112456
355290a (base 13) to base 16
fb8cf6
Convert -26116006 (base 9) to base 3.
-220010120000020
-130304401 (base 5) to base 8
-2330140
-10101011110001101011 (base 2) to base 8
-2536153
Convert 3481432 (base 9) to base 12.
76a3b5
What is -111213213030 (base 4) in base 10?
-5667276
26152725 (base 9) to base 16
c40d66
Convert -854102 (base 15) to base 12.
-215a078
What is -28551 (base 12) in base 10?
-56077
3575566 (base 8) to base 15
145dd8
Convert 41301024 (base 5) to base 2.
1010010011011100111
64761 (base 11) to base 9
153047
Convert 1042033324 (base 5) to base 3.
11022210221002
477257 (base 8) to base 3
22022021200
What is -2475816 (base 10) in base 5?
-1113211231
Convert -280a75 (base 11) to base 16.
-6b8ca
What is -6b48b (base 14) in base 3?
-111021211102
-5a929a (base 13) to base 12
-883409
-1665931 (base 10) to base 7
-20105641
-aa344 (base 11) to base 5
-20111011
73971d (base 15) to base 10
5499478
-1224332 (base 6) to base 14
-19d96
Convert 3467247 (base 8) to base 12.
397433
16915 (base 12) to base 9
48418
Convert -222110112011 (base 3) to base 16.
-7f2b8
What is 1303323300 (base 4) in base 5?
110143424
1699bb9 (base 12) to base 15
6277bc
What is -1264823 (base 9) in base 2?
-10101001000100001010
Convert -ba3170 (base 13) to base 4.
-100230201230
Convert 4c6d9 (base 14) to base 6.
4010103
Convert -11010332 (base 4) to base 13.
-960b
Convert 4a7a6a (base 11) to base 7.
6544624
-1110100111101100111 (base 2) to base 16
-74f67
What is -280564 (base 12) in base 11?
-414153
-1213243041 (base 5) to base 12
-b64035
What is -4651521 (base 7) in base 5?
-122142141
Convert 2bdc7 (base 16) to base 13.
63a08
-a3398 (base 16) to base 15
-d3163
What is -a503 (base 11) in base 2?
-11011001011110
Convert 11330112 (base 4) to base 16.
5f16
-2423151 (base 11) to base 5
-2040031103
-21457612 (base 9) to base 8
-47441614
-231331143 (base 5) to base 10
-1042673
155816 (base 9) to base 2
10111011110100010
112544110 (base 6) to base 13
585b2b
-62013526 (base 7) to base 3
-100202011222011
-775102 (base 8) to base 4
-333221002
What is 212845a (base 11) in base 12?
1307064
Convert -3201220 (base 6) to base 12.
-76210
Convert 33544422 (base 7) to base 3.
12111021211200
147011 (base 8) to base 2
1100111000001001
-10111100100011011010010 (base 2) to base 4
-1